{"id":73,"date":"2016-02-07T17:29:37","date_gmt":"2016-02-07T16:29:37","guid":{"rendered":"http:\/\/www2.krossholmen.se\/?page_id=73"},"modified":"2021-05-25T19:37:23","modified_gmt":"2021-05-25T17:37:23","slug":"vagbeskrivning","status":"publish","type":"page","link":"https:\/\/www.krossholmen.se\/index.php\/vagbeskrivning\/","title":{"rendered":"V\u00e4gbeskrivning"},"content":{"rendered":"<p><a href=\"http:\/\/www.krossholmen.se\/wp-content\/uploads\/2016\/03\/V\u00e4gbeskrivning-Krossholmen.pdf\" rel=\"\">V\u00e4gbeskrivning Krossholmen<\/a><\/p>\n\n\n<figure class=\"wp-block-image size-large\"><img loading=\"lazy\" decoding=\"async\" width=\"1024\" height=\"674\" src=\"https:\/\/www.krossholmen.se\/wp-content\/uploads\/2020\/08\/Insegling-KSH-skiss-1024x674.jpg\" alt=\"\" class=\"wp-image-1297\" srcset=\"https:\/\/www.krossholmen.se\/wp-content\/uploads\/2020\/08\/Insegling-KSH-skiss-1024x674.jpg 1024w, https:\/\/www.krossholmen.se\/wp-content\/uploads\/2020\/08\/Insegling-KSH-skiss-300x197.jpg 300w, https:\/\/www.krossholmen.se\/wp-content\/uploads\/2020\/08\/Insegling-KSH-skiss-768x505.jpg 768w, https:\/\/www.krossholmen.se\/wp-content\/uploads\/2020\/08\/Insegling-KSH-skiss-1536x1011.jpg 1536w, https:\/\/www.krossholmen.se\/wp-content\/uploads\/2020\/08\/Insegling-KSH-skiss-2048x1348.jpg 2048w\" sizes=\"auto, (max-width: 1024px) 100vw, 1024px\" \/><figcaption><strong>Se upp vid inseglingen till Krossholmens hamn. F\u00f6lj instruktionen i bilden<\/strong>! Klicka p\u00e5 &#8221;V\u00e4gbeskrivning&#8221; ovan f\u00f6r den yttre seglingsv\u00e4gen till Krossholmen.<\/figcaption><\/figure>\n\n\n\n<p><\/p>\n","protected":false},"excerpt":{"rendered":"<p>V\u00e4gbeskrivning Krossholmen<\/p>\n","protected":false},"author":1,"featured_media":0,"parent":0,"menu_order":0,"comment_status":"closed","ping_status":"closed","template":"","meta":{"footnotes":""},"class_list":["post-73","page","type-page","status-publish","hentry"],"_links":{"self":[{"href":"https:\/\/www.krossholmen.se\/index.php\/wp-json\/wp\/v2\/pages\/73","targetHints":{"allow":["GET"]}}],"collection":[{"href":"https:\/\/www.krossholmen.se\/index.php\/wp-json\/wp\/v2\/pages"}],"about":[{"href":"https:\/\/www.krossholmen.se\/index.php\/wp-json\/wp\/v2\/types\/page"}],"author":[{"embeddable":true,"href":"https:\/\/www.krossholmen.se\/index.php\/wp-json\/wp\/v2\/users\/1"}],"replies":[{"embeddable":true,"href":"https:\/\/www.krossholmen.se\/index.php\/wp-json\/wp\/v2\/comments?post=73"}],"version-history":[{"count":6,"href":"https:\/\/www.krossholmen.se\/index.php\/wp-json\/wp\/v2\/pages\/73\/revisions"}],"predecessor-version":[{"id":1463,"href":"https:\/\/www.krossholmen.se\/index.php\/wp-json\/wp\/v2\/pages\/73\/revisions\/1463"}],"wp:attachment":[{"href":"https:\/\/www.krossholmen.se\/index.php\/wp-json\/wp\/v2\/media?parent=73"}],"curies":[{"name":"wp","href":"https:\/\/api.w.org\/{rel}","templated":true}]}}